{"id":1702,"date":"2026-03-31T14:48:58","date_gmt":"2026-03-31T12:48:58","guid":{"rendered":"https:\/\/petit-trip.fr\/?page_id=1702"},"modified":"2026-04-03T16:12:14","modified_gmt":"2026-04-03T14:12:14","slug":"week-end-a-montpellier","status":"publish","type":"page","link":"https:\/\/petit-trip.fr\/?page_id=1702","title":{"rendered":"Visite guid\u00e9e : le meilleur de Montpellier en 2 heures"},"content":{"rendered":"\t\t<div data-elementor-type=\"wp-page\" data-elementor-id=\"1702\" class=\"elementor elementor-1702\">\n\t\t\t\t\t\t<section class=\"elementor-section elementor-top-section elementor-element elementor-element-64d6694 elementor-section-boxed elementor-section-height-default elementor-section-height-default\" data-id=\"64d6694\" data-element_type=\"section\" data-e-type=\"section\">\n\t\t\t\t\t\t<div class=\"elementor-container elementor-column-gap-default\">\n\t\t\t\t\t<div class=\"elementor-column elementor-col-100 elementor-top-column elementor-element elementor-element-39b4e32\" data-id=\"39b4e32\" data-element_type=\"column\" data-e-type=\"column\">\n\t\t\t<div class=\"elementor-widget-wrap elementor-element-populated\">\n\t\t\t\t\t\t<div class=\"elementor-element elementor-element-9ecde01 elementor-widget elementor-widget-text-editor\" data-id=\"9ecde01\" data-element_type=\"widget\" data-e-type=\"widget\" data-widget_type=\"text-editor.default\">\n\t\t\t\t<div class=\"elementor-widget-container\">\n\t\t\t\t\t\t\t\t\t<div dir=\"auto\">\ud83c\udf1f Visite guid\u00e9e \u00e0 Montpellier en 2 heures : 10\u202f000 pas pour d\u00e9couvrir le meilleur de la ville<\/div><div dir=\"auto\">\u00a0<\/div><div dir=\"auto\">D\u00e9couvrez Montpellier autrement lors d\u2019une visite guid\u00e9e \u00e0 pied avec une locale passionn\u00e9e<\/div><div dir=\"auto\">\u00a0<\/div><div dir=\"auto\">Explorez le centre historique, ses ruelles m\u00e9di\u00e9vales, ses monuments embl\u00e9matiques et les spots parfaits pour vos photos.<\/div><div dir=\"auto\">\u00a0<\/div><div dir=\"auto\">Rejoignez un petit groupe convivial (2 \u00e0 12 participants) pour partager anecdotes, bons plans et \u00e9changes authentiques.<\/div><div dir=\"auto\">\u00a0<\/div><div dir=\"auto\">\ud83d\udc36 Vos amis \u00e0 quatre pattes sont les bienvenus !<\/div><div dir=\"auto\">\u00a0<\/div><div dir=\"auto\">\ud83d\udccd Lieu de rendez-vous : Devant le cin\u00e9ma Path\u00e9, Place de la Com\u00e9die<\/div><div dir=\"auto\">\u00a0<\/div><div dir=\"auto\">\ud83d\udcb3 Prix : 35 \u20ac par personne<\/div><div dir=\"auto\">\u00a0<\/div><div dir=\"auto\">\ud83c\udfa5 Bonus : Une vid\u00e9o souvenir 4K de votre visite vous sera offerte !<\/div><div dir=\"auto\">\u00a0<\/div><div dir=\"auto\">\u2714\ufe0f R\u00e9servation obligatoire via TripAdvisor : cliquez sur le lien ci-dessous :<\/div><div dir=\"auto\">\u00a0<\/div><div dir=\"auto\"><a href=\"https:\/\/bit.ly\/3PFLoZk\">https:\/\/bit.ly\/3PFLoZk<\/a><\/div><div dir=\"auto\">\u00a0<\/div><div dir=\"auto\">\ud83d\udcde Pour toute information compl\u00e9mentaire, une privatisation ou r\u00e9servation sur une autre date , vous pouvez me contacter par t\u00e9l\u00e9phone, sms ou WhatsApp\u00a0<\/div><div dir=\"auto\">Nathalie\u00a0\u00a0<a href=\"tel:+33615277792\">06 15 277 792<\/a><\/div><div dir=\"auto\">\u00a0<\/div><div dir=\"auto\"><p><img fetchpriority=\"high\" decoding=\"async\" class=\"size-medium wp-image-1680\" src=\"https:\/\/petit-trip.fr\/wp-content\/uploads\/2026\/03\/dji_mimo_20260226_170118_0_1772893068865_photo-169x300.jpg\" alt=\"\" width=\"169\" height=\"300\" srcset=\"https:\/\/petit-trip.fr\/wp-content\/uploads\/2026\/03\/dji_mimo_20260226_170118_0_1772893068865_photo-169x300.jpg 169w, https:\/\/petit-trip.fr\/wp-content\/uploads\/2026\/03\/dji_mimo_20260226_170118_0_1772893068865_photo-576x1024.jpg 576w, https:\/\/petit-trip.fr\/wp-content\/uploads\/2026\/03\/dji_mimo_20260226_170118_0_1772893068865_photo-768x1365.jpg 768w, https:\/\/petit-trip.fr\/wp-content\/uploads\/2026\/03\/dji_mimo_20260226_170118_0_1772893068865_photo-864x1536.jpg 864w, https:\/\/petit-trip.fr\/wp-content\/uploads\/2026\/03\/dji_mimo_20260226_170118_0_1772893068865_photo-1152x2048.jpg 1152w, https:\/\/petit-trip.fr\/wp-content\/uploads\/2026\/03\/dji_mimo_20260226_170118_0_1772893068865_photo-1200x2133.jpg 1200w, https:\/\/petit-trip.fr\/wp-content\/uploads\/2026\/03\/dji_mimo_20260226_170118_0_1772893068865_photo-scaled.jpg 1440w\" sizes=\"(max-width: 169px) 85vw, 169px\" \/><\/p><\/div><div id=\"ms-outlook-mobile-body-separator-line\" dir=\"auto\" data-applydefaultfontstyles=\"true\"><div dir=\"auto\">\u00a0<\/div><\/div><div id=\"ms-outlook-mobile-signature\" dir=\"auto\"><div dir=\"auto\">\u00a0<\/div><\/div>\t\t\t\t\t\t\t\t<\/div>\n\t\t\t\t<\/div>\n\t\t\t\t\t<\/div>\n\t\t<\/div>\n\t\t\t\t\t<\/div>\n\t\t<\/section>\n\t\t\t\t<\/div>\n\t\t","protected":false},"excerpt":{"rendered":"<p>\ud83c\udf1f Visite guid\u00e9e \u00e0 Montpellier en 2 heures : 10\u202f000 pas pour d\u00e9couvrir le meilleur de la ville\u00a0D\u00e9couvrez Montpellier autrement lors d\u2019une visite guid\u00e9e \u00e0 pied avec une locale passionn\u00e9e\u00a0Explorez le centre historique, ses ruelles m\u00e9di\u00e9vales, ses monuments embl\u00e9matiques et les spots parfaits pour vos photos.\u00a0Rejoignez un petit groupe convivial (2 \u00e0 12 participants) pour &hellip; <a href=\"https:\/\/petit-trip.fr\/?page_id=1702\" class=\"more-link\">Continuer la lecture<span class=\"screen-reader-text\"> de &laquo;&nbsp;Visite guid\u00e9e : le meilleur de Montpellier en 2 heures&nbsp;&raquo;<\/span><\/a><\/p>\n","protected":false},"author":2,"featured_media":0,"parent":0,"menu_order":0,"comment_status":"closed","ping_status":"closed","template":"","meta":{"footnotes":""},"class_list":["post-1702","page","type-page","status-publish","hentry"],"_links":{"self":[{"href":"https:\/\/petit-trip.fr\/index.php?rest_route=\/wp\/v2\/pages\/1702","targetHints":{"allow":["GET"]}}],"collection":[{"href":"https:\/\/petit-trip.fr\/index.php?rest_route=\/wp\/v2\/pages"}],"about":[{"href":"https:\/\/petit-trip.fr\/index.php?rest_route=\/wp\/v2\/types\/page"}],"author":[{"embeddable":true,"href":"https:\/\/petit-trip.fr\/index.php?rest_route=\/wp\/v2\/users\/2"}],"replies":[{"embeddable":true,"href":"https:\/\/petit-trip.fr\/index.php?rest_route=%2Fwp%2Fv2%2Fcomments&post=1702"}],"version-history":[{"count":32,"href":"https:\/\/petit-trip.fr\/index.php?rest_route=\/wp\/v2\/pages\/1702\/revisions"}],"predecessor-version":[{"id":1752,"href":"https:\/\/petit-trip.fr\/index.php?rest_route=\/wp\/v2\/pages\/1702\/revisions\/1752"}],"wp:attachment":[{"href":"https:\/\/petit-trip.fr\/index.php?rest_route=%2Fwp%2Fv2%2Fmedia&parent=1702"}],"curies":[{"name":"wp","href":"https:\/\/api.w.org\/{rel}","templated":true}]}}